Let h = v + m. What is the highest common divisor of h and 63?
21
Let l be (-8080)/(-72) + 4/(-18). Suppose 0 = 117*p - l*p - 300. Calculate the greatest common factor of 210 and p.
30
Suppose -75*f + 37125 = 50*f. What is the highest common divisor of f and 11?
11
Let f = -9480 - -9557. What is the greatest common factor of f and 609?
7
Suppose 83216 = -35*f + 43*f. Calculate the highest common divisor of 14 and f.
14
Suppose 3*k - 5*g = 305, -7*k + 3*g - 197 = -9*k. Calculate the highest common factor of k and 5975.
25
Let g(q) = 12*q**2 + 12*q - 8. Let p be g(1). What is the greatest common divisor of 2888 and p?
8
Suppose 440 = 5*z - 0*z. Suppose -2*r = c - 304 - 140, -3*c + 1312 = -4*r. What is the greatest common factor of c and z?
88
Let j(i) = -69*i + 115. Let k be j(2). Let o(h) = -23*h + 1. Let v be o(-1). Let n = v + k. What is the highest common factor of n and 1?
1
Let z be (1 + -11)*-85 + 10. Calculate the highest common factor of z and 387.
43
Suppose -40 = -4*u + 8. Let g = u + -49. Let c = g - -38. Calculate the greatest common factor of c and 9.
1
Let i = -4492 + 4590. Suppose 4*z = 184 - 16. Calculate the highest common divisor of z and i.
14
Suppose 0 = -30*o + 6617 - 947. Let r(z) = -8*z**3 - 4*z**2 - 5*z - 4. Let s be r(-2). Calculate the greatest common divisor of s and o.
27
Let d(i) = -i**3 - 25*i**2 - 89*i - 37. Let p be d(-21). Suppose 329 = 5*o - 2*g - 2*g, -o = -3*g - p. What is the highest common divisor of 1235 and o?
65
Suppose c + 0*d + 3*d - 6 = 0, 5*c - 2*d + 4 = 0. Suppose -2*a + 40 = -c*a. Let v be (-4)/(-12) + a*33/18. What is the greatest common factor of 185 and v?
37
Let c = 35776 - 13741. What is the greatest common factor of 113 and c?
113
Suppose -1575 = -3*l - 5*a, 23*l + a + 1539 = 26*l. What is the highest common factor of 927 and l?
103
Let t = 511 + 3059. Suppose -64*i - t = -79*i. What is the highest common factor of 34 and i?
34
Let y = -5662 - -5665. What is the greatest common factor of y and 1107?
3
Let n(a) = 273*a. Let v be n(1). Suppose -176 = -13*k + 2*k. Suppose -60 = k*u - 684. Calculate the greatest common factor of u and v.
39
Let d = 3706 - 2372. Calculate the highest common divisor of d and 174.
58
Suppose 0*a + a = -2*c + 12, -2*a = -4*c - 48. Calculate the highest common factor of a and 291.
3
Suppose 0 = f + 2*f + 9, 5*p + 2*f - 5289 = 0. What is the greatest common divisor of p and 3?
3
Let d be (-4)/(-10) + 1652/20. Let j = 125 - d. Let i(h) = h**2 + 5*h - 94. Let r be i(-15). What is the greatest common divisor of j and r?
14
Let x(f) = -9*f**2 + 217*f - 15. Let g be x(24). Suppose o + 2*o = 171. Suppose 8*c = g*c - o. What is the greatest common factor of c and 285?
57
Let z(q) = q**2 + 5*q - 12. Let h be z(3). Let p be (-18)/3 + h - -3. What is the highest common divisor of p and 153?
9
Let n be ((-60)/(-18) + -3)/(2/(-54)). Let l be (-555)/n - 5 - (-6)/(-9). Calculate the highest common divisor of 84 and l.
28
Suppose -9 = -3*z - p, p + 7 = 2*z + 6. Suppose z*q - 7 = -3, 3*s - 182 = -q. What is the highest common divisor of s and 140?
20
Suppose 4*c + m - 56 = 0, -70 = -5*c - m - 0. Let j = 337 - 169. Suppose 35*p + j = 38*p. What is the highest common divisor of c and p?
14
Let i(c) = c**2 + 23*c - 38. Let v be i(-25). Suppose -47*n = -41*n - 648. Calculate the greatest common divisor of v and n.
12
Suppose 0 = -5*k - 0*k + 50. Let i = -84389 - -84469. What is the highest common divisor of i and k?
10
Let t = -47 + 53. Suppose t*a - 3*a = 90. Let s be 6/(-2) - (25 - 133). Calculate the highest common divisor of s and a.
15
Let f be -8 + (-56)/(-13 + 6). Suppose -4*g + 320 + 164 = f. What is the highest common divisor of g and 22?
11
Let t(w) = w**2 - 8*w - 633. Let c be t(30). Suppose -2*p + 169 = -209. What is the greatest common factor of c and p?
27
Suppose -l - 5*l = 6*l. Suppose l = -10*f + 279 + 281. Calculate the highest common factor of 16 and f.
8
Suppose -66031 + 941269 = 91*x. What is the greatest common divisor of 84 and x?
42
Let l be (-1)/8 + (-2)/(-16). Let m be 195 + (4 - l - 1). Let y(q) = -q**3 - q**2 - q + 18. Let g be y(0). Calculate the greatest common factor of g and m.
18
Suppose 5*i + 689 = -14*h + 10*h, 0 = -5*h - 5*i - 865. Let m = -71 - h. Calculate the highest common factor of m and 455.
35
Suppose -f = -2*f - 10. Let h(p) = p**2 + 3*p + 32. Let c be h(f). Let n be 300/45 - (-4)/(-6). What is the highest common divisor of c and n?
6
Suppose 68*l - 24 = 60*l. Suppose 2*s + l*c - c - 406 = 0, -c + 1031 = 5*s. Calculate the greatest common factor of 9 and s.
9
Suppose -14*j = 15*j + 6226 - 69939. Calculate the highest common factor of 52 and j.
13
Let y be 2/(-14) + 207558/546. What is the greatest common divisor of y and 18430?
190
Let c(j) = -21*j + 1. Let a be c(-1). Suppose -168*v - 44*v + 23320 = 0. What is the highest common divisor of a and v?
22
Let i be 20/2 - (-144 - 1671). Calculate the greatest common divisor of i and 73.
73
Let x = -320 + 335. What is the highest common factor of x and 210?
15
Suppose q - 16*q = -15. Let m be 196/((-49)/(-7)) + q. Let k be 518/6 - 22/(-33). What is the highest common factor of k and m?
29
Suppose -10*l = -6*l + 3*s - 24492, 5*s - 30615 = -5*l. Calculate the greatest common divisor of l and 117.
39
Let v = -26683 + 33324. Calculate the greatest common divisor of v and 232.
29
Let p(w) = -7*w + 74. Let v be p(17). Let l = 49 + v. Suppose l*a - 12*a = -24. What is the highest common factor of a and 2?
1
Suppose -2*i + 3*g = -38, -7*i + 248 = g + 92. Calculate the greatest common factor of 250 and i.
2
Suppose 6*n - 114400 = 11*n - 25*n. Calculate the highest common factor of 88 and n.
88
Let t = 27 - 11. Let k(d) = -d**3 - 4*d**2. Let s be k(-4). Suppose -4*w - 44 = -2*u, -3*w + 123 = 5*u - s*w. Calculate the highest common factor of u and t.
8
Let v = 34 + -27. Suppose v*m = 2*m + 20. Suppose 5*z + m*z = 594. What is the greatest common factor of 6 and z?
6
Let f(y) = 2*y**3 - 81*y**2 + 55*y + 114. Let m be f(40). What is the highest common divisor of m and 1632?
102
Suppose 0 = -4*k + 4*w + 52, 43 = -2*k + 5*k - 5*w. Let j(v) = v + 10. Let g be j(12). Suppose -4*t + 66 = -g. Calculate the greatest common factor of t and k.
11
Suppose -24*z + 211 = -6*z + 49. Calculate the greatest common factor of z and 15363.
9
Let n(u) = u**2 + 55*u + 588. Let t be n(-43). Calculate the greatest common factor of 66 and t.
6
Let a be ((-2)/3)/(2/6). Let t = -7592 + 7352. Let f be (a/(-4))/((-12)/t). Calculate the greatest common factor of 20 and f.
10
Suppose -t = 5*n - 76 + 79, -3*t + n + 55 = 0. Calculate the highest common factor of 289 and t.
17
Let f(m) = m**3 - 13*m**2 + 7*m - 2. Let r be f(10). Let k = -16 - r. What is the greatest common factor of k and 27?
27
Let q = 770 - 762. Suppose -q = -n + 3*d + 4, -3*d = n + 6. What is the greatest common divisor of 141 and n?
3
Suppose 0 = y + 3*j - 147, -3*y + 12*j + 457 = 13*j. Calculate the greatest common divisor of 12699 and y.
153
Suppose -4*i = -i - 2*f - 8, 2*i - 6 = f. Suppose -5*s = -2*b + 114, i*b - b - 5*s - 166 = 0. What is the highest common factor of 26 and b?
26
Suppose 0 = -7*p + 3*p + c + 5, -p + c + 5 = 0. Suppose 4*r + 4*o + 363 = 1231, p = -3*r + 2*o + 666. Calculate the highest common factor of r and 80.
20
Let g = -83 + 138. Let d = g + -19. Suppose 9*v - 4653 + 2969 = 1556. Calculate the greatest common divisor of v and d.
36
Let u(l) = l - 24. Let v be u(19). Let i be 5 + (1 - (v - -1) - -158). What is the greatest common divisor of 224 and i?
56
Let c(q) = 5*q - 7. Suppose -15 = -2*z - 3*z, 0 = -4*x + 5*z + 5. Let f be c(x). Let t = -303 - -348. What is the greatest common divisor of f and t?
9
Suppose -4*c - 5*v + 21828 = 0, -10920 = 3537*c - 3539*c - 4*v. What is the greatest common divisor of 580 and c?
116
Let v(m) = -15*m - 111. Let l be v(-8). Let p(t) = -6*t + 65. Let q be p(l). What is the greatest common divisor of q and 187?
11
Let d be 824*(-6)/(-4)*1. What is the highest common factor of d and 24?
12
Suppose -u + 4*v + 1004 = 0, -5*v - 152 = 2*u - 2186. Calculate the greatest common divisor of u and 368.
92
Let z(j) = 16*j + 18. Let q(d) = 48*d + 55. Let c(t) = -6*q(t) + 17*z(t). Let k be c(-3). Calculate the greatest common